57
List the prime factors of 9153681.
3, 3051227
List the prime factors of 121731564.
2, 3, 10144297
List the prime factors of 154572163.
19, 1487, 5471
List the prime factors of 3407111683.
3407111683
What are the prime factors of 1424580245?
5, 11, 25901459
List the prime factors of 2916158980.
2, 5, 7, 20829707
List the prime factors of 75652979.
373, 202823
What are the prime factors of 165359088?
2, 3, 1148327
List the prime factors of 570785886.
2, 3, 11, 587, 1637
List the prime factors of 846366911.
13, 53, 1228399
List the prime factors of 94343106.
2, 3, 11, 13, 31, 3547
What are the prime factors of 6021684725?
5, 7, 19, 293, 883
List the prime factors of 137584852.
2, 19, 73, 24799
What are the prime factors of 776991378?
2, 3, 31, 4177373
What are the prime factors of 8835513?
3, 19, 155009
List the prime factors of 34092876.
2, 3, 2841073
What are the prime factors of 144602142?
2, 3, 37, 651361
List the prime factors of 465863499.
3, 51762611
What are the prime factors of 5235289020?
2, 3, 5, 13, 1291, 1733
What are the prime factors of 166494655?
5, 29, 331, 3469
What are the prime factors of 345022380?
2, 3, 5, 41, 46751
List the prime factors of 14086625.
5, 7, 17, 947
List the prime factors of 4047233612.
2, 61, 293, 56611
What are the prime factors of 2564005686?
2, 3, 11, 38848571
What are the prime factors of 2276966784?
2, 3, 29, 139, 1471
List the prime factors of 344405643.
3, 5297, 21673
What are the prime factors of 142308634?
2, 13, 5473409
List the prime factors of 1253058673.
3701, 338573
List the prime factors of 290673681.
3, 911, 106357
What are the prime factors of 3908760053?
11, 131, 2712533
What are the prime factors of 611947120?
2, 5, 61, 125399
What are the prime factors of 390568871?
7, 11, 43, 179, 659
List the prime factors of 573126421.
7, 6397, 12799
What are the prime factors of 11803406?
2, 17, 29, 11971
What are the prime factors of 153287801?
19, 23, 101, 151
What are the prime factors of 168851505?
3, 5, 103, 293, 373
What are the prime factors of 209000944?
2, 41, 199, 1601
List the prime factors of 159042291.
3, 53014097
List the prime factors of 1956104512.
2, 2503, 12211
List the prime factors of 297297341.
11, 179, 150989
List the prime factors of 17109585.
3, 5, 23, 61, 271
List the prime factors of 61878173.
7, 8839739
What are the prime factors of 3565627898?
2, 7, 197, 1292831
List the prime factors of 297044430.
2, 3, 5, 43, 409, 563
List the prime factors of 42325783.
307, 137869
List the prime factors of 2678382300.
2, 3, 5, 11, 17, 47743
What are the prime factors of 1222148989?
17, 19, 1049, 3607
List the prime factors of 155941346.
2, 11, 31, 137, 1669
List the prime factors of 148260619.
13, 1471, 7753
What are the prime factors of 783588828?
2, 3, 11, 43, 138053
List the prime factors of 2597884622.
2, 5113, 254047
List the prime factors of 150816912.
2, 3, 3142019
List the prime factors of 5613053875.
5, 11, 13, 28547
List the prime factors of 120329145.
3, 5, 17, 17477
What are the prime factors of 1947494274?
2, 3, 11, 503, 5333
List the prime factors of 1175923709.
43, 101, 270763
List the prime factors of 142538131.
251, 567881
What are the prime factors of 378270214?
2, 7, 719, 37579
What are the prime factors of 593392812?
2, 3, 49449401
List the prime factors of 759168143.
4423, 171641
List the prime factors of 14953951.
14953951
What are the prime factors of 85140781?
11, 29, 266899
List the prime factors of 5282222803.
11, 13, 23, 419, 3833
List the prime factors of 267309248.
2, 1949, 2143
List the prime factors of 74962337.
74962337
What are the prime factors of 212813777?
11, 1049, 18443
List the prime factors of 35805086.
2, 1069, 16747
What are the prime factors of 90117731?
11, 17, 139, 3467
List the prime factors of 909763432.
2, 17, 41, 241, 677
What are the prime factors of 23713081?
7, 43, 78781
What are the prime factors of 116062605?
3, 5, 31, 27733
List the prime factors of 228829511.
47, 307, 15859
List the prime factors of 6767011733.
37, 271, 674879
List the prime factors of 52605873.
3, 5845097
What are the prime factors of 2202531080?
2, 5, 181, 304217
List the prime factors of 38094839.
38094839
List the prime factors of 127923491.
379, 337529
What are the prime factors of 111202009?
541, 205549
What are the prime factors of 54960102?
2, 3, 3053339
List the prime factors of 398240798.
2, 19, 10480021
List the prime factors of 86999327.
131, 664117
What are the prime factors of 4065765380?
2, 5, 203288269
What are the prime factors of 496378660?
2, 5, 24818933
List the prime factors of 1331887674.
2, 3, 13, 17075483
List the prime factors of 464159.
173, 2683
List the prime factors of 1072153349.
23, 601, 77563
List the prime factors of 252545065.
5, 31, 89, 18307
List the prime factors of 232745691.
3, 17, 4563641
List the prime factors of 46720282.
2, 7, 193, 17291
List the prime factors of 941800003.
109, 131, 65957
What are the prime factors of 150795155?
5, 7, 167, 25799
What are the prime factors of 13958967?
3, 11, 131, 3229
What are the prime factors of 903948953?
6379, 141707
What are the prime factors of 754136150?
2, 5, 17, 43, 47, 439
List the prime factors of 1618321038.
2, 3, 109, 2474497
List the prime factors of 2534957549.
47, 53935267
What are the prime factors of 252496111?
7, 19, 1898467
What are the prime factors of 792148794?
2, 3, 132024799
List the prime factors of 230943121.
230943121
What are the prime factors of 347424501?
3, 179, 239, 2707
What are the prime factors of 1138187920?
2, 5, 2243, 6343
What are the prime factors of 830207153?
830207153
List the prime factors of 450119559.
3, 150039853
List the prime factors of 98713393.
31, 3184303
What are the prime factors of 2924173754?
2, 10781, 135617
What are the prime factors of 10548373?
11, 29, 43, 769
List the prime factors of 6195353366.
2, 3097676683
What are the prime factors of 4011618070?
2, 5, 37, 10842211
List the prime factors of 1510493618.
2, 71, 229, 46451
What are the prime factors of 96559876?
2, 7, 83, 41549
List the prime factors of 29368306.
2, 11, 37, 109, 331
List the prime factors of 285843920.
2, 5, 3573049
What are the prime factors of 52256829?
3, 1423, 12241
What are the prime factors of 5030516274?
2, 3, 7, 17, 7045541
What are the prime factors of 26375596?
2, 13, 59, 8597
What are the prime factors of 250874192?
2, 383, 40939
List the prime factors of 178929526.
2, 5119, 17477
List the prime factors of 138014950.
2, 5, 23, 43, 2791
What are the prime factors of 49855000?
2, 5, 13, 59
List the prime factors of 78368029.
443, 176903
List the prime factors of 278553003.
3, 92851001
What are the prime factors of 2142285144?
2, 3, 101, 883781
List the prime factors of 119789410.
2, 5, 13, 921457
What are the prime factors of 16672360?
2, 5, 97, 4297
List the prime factors of 19449692.
2, 19, 255917
List the prime factors of 77346561.
3, 2677, 9631
What are the prime factors of 670091374?
2, 269, 509, 2447
List the prime factors of 60430415.
5, 12086083
List the prime factors of 734546805.
3, 5, 73, 419, 1601
What are the prime factors of 36043544?
2, 997, 4519
What are the prime factors of 71702802?
2, 3, 241, 16529
What are the prime factors of 111604455?
3, 5, 761, 3259
What are the prime factors of 1144633458?
2, 3, 71, 701, 3833
List the prime factors of 1380138133.
11, 125467103
List the prime factors of 5535295322.
2, 23, 120332507
What are the prime factors of 279620932?
2, 69905233
List the prime factors of 1595544758.
2, 17, 839, 55933
List the prime factors of 265259461.
265259461
What are the prime factors of 706750031?
13, 54365387
What are the prime factors of 2358476668?
2, 449, 653, 2011
List the prime factors of 65218740.
2, 3, 5, 263, 4133
List the prime factors of 49158764.
2, 17, 659, 1097
List the prime factors of 469710311.
7, 1289, 52057
List the prime factors of 6279917184.
2, 3, 5451317
List the prime factors of 366347794.
2, 1549, 118253
List the prime factors of 4690535125.
5, 71, 528511
List the prime factors of 222256660.
2, 5, 2029, 5477
What are the prime factors of 803473476?
2, 3, 13, 311, 16561
What are the prime factors of 39990222?
2, 3, 17, 130687
What are the prime factors of 70759659?
3, 23586553
List the